inder when b(9) is divided by 111.
36
Suppose -2*l - 4 = -3*s, 5*s - l = -3 + 12. Calculate the remainder when (-1 - 71)/((-9)/12) is divided by (-3 - s)/(2/(-10)).
21
Let n = 1438 - 1404. What is the remainder when 916 is divided by n?
32
Let w(x) = -22*x**3 - 3*x**2 - x - 1. Let q = 5 + -7. Let c be w(q). Let n = c + -87. Calculate the remainder when n is divided by 16.
14
Suppose -3*b = -2*q + 40 + 1, -3*q + 52 = 5*b. Calculate the remainder when (273/(-39))/((-2)/64) is divided by q.
15
Let t(g) = -16*g + 1131. What is the remainder when t(62) is divided by 34?
3
Suppose 0 = 4*t + 4*x - 108, -t = -12*x + 10*x - 12. Calculate the remainder when 117 is divided by (-12)/t - (-1371)/33.
35
Suppose -4*u - 49*x = -45*x - 2380, u - 2*x = 601. Calculate the remainder when u is divided by 6.
3
Suppose -53*y - 4*y = -105*y + 6624. What is the remainder when y is divided by 70?
68
Suppose 83*r - 4*d = 82*r + 355, -4*r - 4*d = -1520. What is the remainder when r is divided by 127?
121
Let y = -2774 + 2802. Calculate the remainder when 1/(-1)*(-79 + 7) is divided by y.
16
Suppose 33 = q - 5*q + g, 0 = q - 2*g + 3. Let f be (20/6)/((-6)/q). Calculate the remainder when 108 is divided by 32/5 - 2/f - -4.
8
Let o be ((-14)/35)/((-3)/30). What is the remainder when (1578/(-7))/(-2) - o/(-14) is divided by (0 + (-1)/3)/((-39)/3393)?
26
Suppose u + 425 = 18*u. Suppose -5*t = v - 4, 4*t - 66 + u = -5*v. Calculate the remainder when 63 is divided by v.
0
What is the remainder when 4638 is divided by ((-23361)/(-2396))/(6/136)?
218
Suppose -6*o = -5*o + 5. Let n be (-14)/(-4) + (10/(-4))/o. What is the remainder when ((-123)/n)/(18/(-24)) is divided by 22?
19
Suppose 0 = 3*b - 601 + 25. Suppose 2*a - b = -2*y, -4*y = -y - 5*a - 280. What is the remainder when y is divided by 30?
5
Let l be (-98)/(-6)*(-16 + 7). Calculate the remainder when 161 is divided by -30*(l/(-35) - 5).
17
Let v = -8544 + 9087. Calculate the remainder when v is divided by 76.
11
Suppose 4*a + 14 - 26 = 0. Suppose -153 = -5*l - a*u - 0*u, 4*u = -16. Calculate the remainder when l is divided by 5.
3
Suppose 10*w = 11*w - 12*w + 22605. Calculate the remainder when w is divided by 57.
3
Suppose -5*j + 4*g - 62 = -218, 0 = j - 2*g - 30. Suppose 5*f = 163 + j. Let q = 486 - 332. What is the remainder when q is divided by f?
37
Let h(n) = 1766*n**3 - 8*n**2 + 11*n + 7. Let u be h(3). What is the remainder when u/110 - 1/(22/4) is divided by 62?
61
Suppose 5*k + 309 = 2*b, 4*b - 315 - 318 = -5*k. Let o = b - 145. What is the remainder when 60 is divided by o?
0
Suppose -13*i - 3*i = -192. What is the remainder when 109 + i - 2/1 is divided by 41?
37
Let m(w) = -5*w**3 - 2*w**2 - 5*w - 8. Calculate the remainder when m(-5) is divided by 10/2*(11 - 42/3 - -10).
32
Calculate the remainder when 314 is divided by 6/((-1757)/126 - -14).
98
Suppose -122*h = -351*h + 19681 - 5254. Calculate the remainder when 817 is divided by h.
61
What is the remainder when 2/(-1)*59653/(-7 + -10) is divided by 36?
34
Let w = -29 - 184. Let v = w + 248. Let o(a) = -2*a**3 - 5*a**2 + 5*a + 1. Calculate the remainder when o(-5) is divided by v.
31
Suppose -m + 55 = 3*j, 124 = 5*m + 2*j - 86. What is the remainder when 43 is divided by m?
3
Suppose 3*z - 16 = -c + 8*z, 4*z + 12 = 0. Calculate the remainder when 54 is divided by (7*c*-1)/((-50)/100).
12
Suppose -15 = -7*v + 6. Suppose -v*m + n = -3*n - 14, 4*n = -3*m - 2. What is the remainder when 14 is divided by (2/9*-3)/(m/(-15))?
4
Let l = 151 - 125. Let t(o) = o**2 + 14*o - 62. What is the remainder when t(-22) is divided by l?
10
Let f = -1251 + 1834. What is the remainder when f is divided by 5?
3
Calculate the remainder when 251 is divided by 327/3 + 4*(-12)/8.
45
Let y(s) = -s - 4. Let j(o) = 3*o - 17. Let w(i) = -j(i) - y(i). Calculate the remainder when 80 is divided by w(-10).
39
Let z(g) = 213*g - 40. What is the remainder when z(1) is divided by 9?
2
Calculate the remainder when 6 - 3 - 6 - 1*(-500 + -1) is divided by 93.
33
Suppose 7*y - 526 - 1623 = 0. Let h = y - 158. What is the remainder when h is divided by 83?
66
Let m = 0 - -16. Suppose c - 2*u = -6, -5*u + m = -5*c + 3*c. Suppose -67 = -3*b - y, 70 = 3*b + 2*y + c*y. What is the remainder when 104 is divided by b?
16
What is the remainder when 517 is divided by -14 + (-4 - -22) - -54?
53
Let y(f) = -5188*f + 25975. Suppose 0 = -4*l + 3*l + 9. What is the remainder when y(5) is divided by l?
8
Suppose 0 = -5*x + 25, -3*j + 5*x - 672 = -2537. Calculate the remainder when 1/(-2)*-4 + 51 is divided by (2/4)/(35/j).
8
Suppose -4605 = -3*k - 2*n, 18*n + 7660 = 5*k + 23*n. What is the remainder when k is divided by 194?
183
Let t = 7684 + -6292. Calculate the remainder when t is divided by 82.
80
Suppose -25*l = -27*l + 496. Let v = 275 - l. Suppose 5*s - 76 = 189. What is the remainder when s is divided by v?
26
Suppose -24*z + 19*z = -m - 357, 0 = 3*m + 21. What is the remainder when 898 is divided by z?
58
Suppose s - 378 = 2*l, -5*s = -32*l + 37*l - 1860. Calculate the remainder when s is divided by 8.
6
Suppose 0 = 262*o - 266*o + 8. Suppose -o*w = w - 12. What is the remainder when 12 is divided by w?
0
Let q(t) be the second derivative of t**4/12 + 7*t**3/6 - 24*t**2 - 2*t - 32. What is the remainder when 35 is divided by q(-12)?
11
Suppose -5*f - 17*f + 3024 = 14*f. What is the remainder when 328 is divided by f?
76
Let q(p) = 5*p**2 - p + 1. Let w be q(-4). Suppose -9*g = -140 - w. Suppose 2*x = r + g, 2*x = r + 2*r + 35. Calculate the remainder when 49 is divided by x.
9
Suppose -5*q - l = -1096, 239 + 413 = 3*q + 2*l. Calculate the remainder when q is divided by 31.
3
Let t(k) = 3*k**2 - 57*k + 58. Let a be t(18). Suppose -2*d = -4*r + 450, a*r = d + 510 - 63. Calculate the remainder when r is divided by 41.
29
Let p(a) = -9*a**2 + 7*a + 43. Let n be p(-5). Let q = n + 239. What is the remainder when q is divided by 6?
4
Suppose 46*u + 14*u - 91152 + 10632 = 0. Calculate the remainder when u is divided by 84.
82
What is the remainder when 5/(-10) - (-15519)/42 is divided by 120?
9
Let h(m) = 3*m**3 - m. Let v be h(1). Let g be -15 - v - (9 - 12). What is the remainder when (-66)/(-4)*g/(-21) is divided by 3?
2
Suppose 3*c - 181 = 5*l + 1117, -4*c - l = -1769. What is the remainder when c is divided by 437?
4
Let c(g) = -g + 10. Let x be c(6). Suppose 9*a = x*a + 75. Suppose 0 = 4*p - 21 - a. What is the remainder when 15 is divided by p?
6
Suppose 3*i + 1216 = 5*j, -j + 4*i = -3*j + 476. Suppose 0 = 231*g - j*g + 143. What is the remainder when 246 is divided by g?
12
Suppose -4*v + 5*l + 24 = l, 2*v + 5*l = 47. Let t = -351 + 383. Calculate the remainder when t is divided by v.
10
Suppose -4*o = 15*v - 13*v - 20, -5*v - 5*o = -75. Suppose -12*x + 150 = -2*x. Suppose 2*n - x = -1. What is the remainder when v is divided by n?
6
Let a be 120/(-25) + 3/(-15). Let l = a - -9. Let v(i) = 4*i**2 - 4*i + 4. Calculate the remainder when v(l) is divided by 9.
7
Let j(d) = -118*d + 2572. What is the remainder when j(7) is divided by 158?
8
Suppose 313*g = 335*g - 2728. Calculate the remainder when 625 is divided by g.
5
Let u(c) = c**2 + 13*c - 95. What is the remainder when 2879 is divided by u(7)?
44
Suppose 0 = 98*r - 103*r + 1090. Let w = 1002 - 965. Calculate the remainder when r is divided by w.
33
Suppose -237 = -74*s - 51*s + 638. Calculate the remainder when 934 is divided by s.
3
Let y = -405 + 429. Let u be 92*((-3)/6 + 0). Calculate the remainder when (-2 - -1) + 0 - u is divided by y.
21
Let s(c) = 5*c**3 + c**2 + 5. Let t be s(2). Suppose l + t = -2*a + 3*a, 0 = -3*a - 5*l + 171. What is the remainder when a is divided by 9?
7
Suppose 1320*a - 529 + 2399 = 1375*a. Calculate the remainder when a is divided by (-4)/6 + (-70)/(-6).
1
Let s = -58 - -156. Suppose 0 = -6*w + 172 + s. What is the remainder when w is divided by 26?
19
Let r = 8 - -1. Suppose 2*l - r = 29. Let t(a) = 6*a**3 + 253*a**2 + 40*a - 48. What is the remainder when t(-42) is divided by l?
17
Let p(z) = -z**3 + 19*z**2 - 31*z - 26. Let m be p(17). Let u = m - -161. Calculate the remainder when u is divided by 11.
10
Let y(r) = r**3 + 35*r**2 - 134*r - 2207. Calculate the remainder when 503 is divided by y(-37).
9
Let b(